4*i. Let h(u) = 2*u**2 - 1. Calculate the remainder when i is divided by h(-1).
0
Let h(q) = q**2 - 6*q - 4. Let c be h(6). Let a(v) = -v**3 - 5*v**2 - 7*v - 6. What is the remainder when a(c) is divided by 3?
0
What is the remainder when (-4 + 6 - 3) + 70 is divided by 18?
15
Suppose -2*l + 166 = 4*v, -4*v + 117 + 69 = -2*l. Let q(c) = 2*c**2 + 4*c - 1. What is the remainder when v is divided by q(-4)?
14
Suppose -2*n - 4 = 2*n. What is the remainder when (3 + n)*60/4 is divided by 8?
6
Suppose 2*a = j + 7, 2 = 4*a - 5*j - 9. Let n = 22 + a. Calculate the remainder when 101 is divided by n.
23
Let f(h) = -2*h - 7. Let b(l) = l**3 - 8*l**2 + l - 17. Let c be b(8). What is the remainder when f(c) is divided by 5?
1
Let b(k) = -2*k. Let o be b(-1). Suppose 0 = 3*d - 3*n + 18, d = -2*d - 3*n + 12. What is the remainder when 6 is divided by o/(6/4 + d)?
2
Let u = 55 + -30. What is the remainder when 99 is divided by u?
24
Let y = 29 + -15. Suppose 4*r = h, -3*h = 4*r - 5*r. Suppose 4*n - 105 = 6*u - 5*u, h = -n - 4*u + 39. Calculate the remainder when n is divided by y.
13
Let d = -9 - -5. Let y = d - -8. Calculate the remainder when y is divided by 3.
1
Let f(y) = -y**3 - 10*y**2 - 12*y - 17. Let h be f(-9). Suppose 3*x = 4*n + 21, 2*x = 2*n + 6 + h. Calculate the remainder when 52 is divided by x.
8
Let p be 1 - (0 - (-2 - -6)). Suppose 3*m + 3 = -v - 2, -2*m - 60 = -p*v. Suppose 3*g - g - 12 = 0. Calculate the remainder when v is divided by g.
4
Let i(n) = 2*n. Suppose 4*g = 10 - 2. Calculate the remainder when i(1) is divided by g.
0
Let s = -15 + 25. What is the remainder when 38 is divided by s?
8
Let d = 218 + -173. What is the remainder when d is divided by 13?
6
Let m be -6*2/4 - -1. Let r = m + 6. Suppose 76 = 5*h + 2*w, -3*w - 1 = -r*h + 46. What is the remainder when 27 is divided by h?
13
Suppose -q - 6 = -20. Suppose c - 2*c = -q. Calculate the remainder when c is divided by 8.
6
Calculate the remainder when 37 - 1/(15/6 - 3) is divided by 21.
18
Let i(a) = 2*a - 6. Let h be i(7). What is the remainder when 30 is divided by h/(-10)*(-19 - 1)?
14
Suppose 4*n = 2*f - 60, -3*f + n - 15 = -85. Calculate the remainder when 86 is divided by f.
20
Suppose -4*d - c + 6*c = -21, -d - c = -12. Suppose 5*x - 89 = 21. Let s = x - 5. Calculate the remainder when s is divided by d.
8
Suppose 7*o - 40 = -5*g + 2*o, -4*g + 4*o = 8. What is the remainder when 20 is divided by g?
2
Let b be (-87)/15 + (-3)/15. Let k(q) = 2*q**2 - 4. Calculate the remainder when k(b) is divided by 14.
12
Let z(u) = -u + 2. Suppose 2*y - 4*y - 14 = 0. What is the remainder when ((-51)/(-6))/((-3)/(-6)) is divided by z(y)?
8
Let k(w) = w - 12. Let m be ((-56)/(-12) + -3)*9. Calculate the remainder when 10 is divided by k(m).
1
Let n be ((-65)/3)/(1/(-3)). Let s = -35 + n. What is the remainder when s is divided by (16/(-12))/((-2)/24)?
14
Let m(a) = a**3 - 2*a**2 - a + 2. Suppose -4*g + 5*g = 4*x - 33, -3*x - 75 = 4*g. Let y = 43 + g. Calculate the remainder when y is divided by m(3).
6
Let w(g) = 36*g**2 - 3*g - 1. What is the remainder when w(-1) is divided by 13?
12
Suppose 4*o = -4*v + 7*v - 91, 0 = 3*v + 2*o - 103. Calculate the remainder when v is divided by 8.
1
Let d(h) = -2*h**3 + 13*h**2 - 4*h + 15. What is the remainder when 101 is divided by d(6)?
20
Let x(j) = -2*j**3 - 3*j**2 + 4*j + 2. Calculate the remainder when x(-3) is divided by (0 + 3)*60/36.
2
Let d be (1/3)/((-1)/3). Let b(n) = -23*n**3 + n**2 + n. Calculate the remainder when b(d) is divided by 392/63 + (-4)/18.
5
Let x(m) = -m**2 - 7*m - 8. Let b be x(-6). Let q = b - -10. Let h = q - 0. Calculate the remainder when 22 is divided by h.
6
Suppose 4*j = -j - 3*c + 19, 3*j - 4*c + 6 = 0. Suppose -5*w + 6 = -j*w. Let z(a) = -a**3 - 6*a**2 - 5*a + 1. What is the remainder when w is divided by z(-5)?
0
Let f(l) = -l**2 + 3*l + 4. Let v be f(7). Calculate the remainder when 13 is divided by (-176)/v + (-1)/3.
6
Suppose 5*u + 126 = 14*u. What is the remainder when u is divided by 5?
4
Let c = -134 + 223. What is the remainder when c is divided by 45?
44
Let a = -100 + 108. Calculate the remainder when 33 is divided by a.
1
Let u = 58 - 13. Suppose -2*f = -26 + 2. Calculate the remainder when u is divided by f.
9
Suppose 3*k - 34 = -4*z, -4*k = -3*z - 0*z + 13. What is the remainder when 554/22 - (-14)/(-77) is divided by z?
4
Suppose -2*y + 13 = -5. Let t(x) = 9*x**2 + x - 1. Calculate the remainder when t(-2) is divided by y.
6
What is the remainder when (-3 + 7)/(-4)*-73 is divided by 25?
23
Suppose -4*d + 5*v + 63 = 0, 0 = -2*d - 20*v + 15*v + 39. What is the remainder when 2 - (-2)/(-1) - -33 is divided by d?
16
Suppose -262 = -4*n + 46. What is the remainder when n is divided by 12?
5
Let b(w) = w**3 - 15*w**2 + 16*w - 18. Calculate the remainder when 19 is divided by b(14).
9
Suppose -48 = w - 95. Calculate the remainder when w is divided by 18.
11
Suppose -4*f + 2*i = -50, -f + 2 = 2*i - 13. Calculate the remainder when f is divided by 7.
6
Let x = -96 + 151. What is the remainder when x is divided by 28?
27
Let v(y) = y**3 - 4*y**2 + 6*y - 5. Let w(n) = 0 + 3*n + 1 - n. What is the remainder when w(3) is divided by v(3)?
3
Let v(m) = 2*m**2 - 26*m - 10. Calculate the remainder when 71 is divided by v(14).
17
Suppose 22 = 3*p + 4. What is the remainder when 184/12*(-3)/(-2) is divided by p?
5
Suppose 12 = f + 2*f. What is the remainder when 19 is divided by f?
3
Let p(o) = o**3 + 8*o**2 - 9*o - 26. Calculate the remainder when p(-7) is divided by 45.
41
Let p(d) = 5*d**2 + 2*d + 1. Let b be p(-2). Suppose 0 = -0*s + 3*s. Suppose 0 = -s*r + r - b. Calculate the remainder when r is divided by 9.
8
Let i(z) = -z**2 - 7*z. Let s be i(-6). Let v = s - -1. What is the remainder when 13 is divided by v?
6
Let c(l) = -l**2 - 12*l - 7. Let y be c(-11). Let p = y + 0. Let q(h) = 3*h + 1. Calculate the remainder when 51 is divided by q(p).
12
Let b = -41 + 78. What is the remainder when b is divided by 7?
2
Let p(y) = y + 15. Suppose -2*a + 5*a = 0. Let v be p(a). What is the remainder when 35 is divided by ((-12)/20)/((-1)/v)?
8
Let z = 23 - -36. Calculate the remainder when z is divided by 20.
19
Let y(o) = o**2 + 8*o + 10. What is the remainder when 29 is divided by y(-8)?
9
What is the remainder when 39 is divided by (-15)/((-44)/16 + 2)?
19
Let f = -1 + 5. Suppose -3*a + 2*w + f = 0, a - 3*a = w - 5. Suppose -a*r - r + 51 = 0. What is the remainder when 49 is divided by r?
15
Suppose -3*x + 3 = 4*a - 8*x, -a = x - 3. What is the remainder when 6 is divided by a?
0
Suppose -3*t = 24 - 102. What is the remainder when 103 is divided by t?
25
Calculate the remainder when 19 is divided by -1*(-5)/((-20)/(-28)).
5
Suppose -5*y - 160 = u - 4*u, -3*y = u - 30. Calculate the remainder when u is divided by 8.
5
Suppose 2*j + j = 0. Suppose -2*n + 38 = -j*n. Calculate the remainder when n is divided by 10.
9
Suppose -58 = 5*l - 6*l. Calculate the remainder when l is divided by 18 + 1 + (1 - 0).
18
What is the remainder when 11/1*(0 - -1) is divided by (-7)/((3 + -2)*-1)?
4
Let n(i) = 4*i**2 + i - 1. Let s = 122 + -105. Calculate the remainder when n(-3) is divided by s.
15
Let f = 18 - 2. Calculate the remainder when 31 is divided by f.
15
Let a be 2*3/(-6) + 1. Let x(n) = -n**2 - n + 11. What is the remainder when x(a) is divided by 7?
4
Let u = 64 + -49. What is the remainder when 54*(2/(-4) + 1) is divided by u?
12
Suppose -4*n + 2*n + 166 = 0. What is the remainder when n is divided by 21?
20
Suppose 0 = -245*s + 249*s - 92. What is the remainder when 156 is divided by s?
18
Let s = -12 - -10. Calculate the remainder when 10 is divided by 10 - (s + 0 - -6).
4
Let a(i) = i + 1. Let t be a(-3). Calculate the remainder when 2 is divided by (-2 - -1)*(1 + t).
0
Suppose 155 = 5*u + 60. Suppose -55 = -p + 1. What is the remainder when p is divided by u?
18
Suppose 3*s - 2 = s. Let x = 8 + -7. What is the remainder when x is divided by s?
0
Let c = 73 + -38. Suppose -38 = -7*k + 95. Calculate the remainder when c is divided by k.
16
Suppose 0 = 3*u - 11 - 1. Suppose 5*w + 273 = u*q, 5*w - 12 = w. Suppose 5*b - 8 - q = 0. What is the remainder when b is divided by 6?
4
Let w = 14 - -10. Let b(c) = -c - 6. Let o b